-2*w**2 - w + 1. Let r(q) = 3*f(q) - u(q). Let y be r(-1). Give v(y).
2
Let p(j) = -j - 1. Let k(h) be the second derivative of -4*h**3/3 + h**2 + h. Let a(n) = k(n) + 3*p(n). Let q = 1081 - 1082. What is a(q)?
10
Let u(n) = -4*n**3 - 4*n**2 - n + 2. Suppose -38*l + 49*l + 22 = 0. Give u(l).
20
Let x(d) = -d + 9. Let i(v) be the second derivative of v**3/3 - 19*v**2/2 + v. Let r(l) = -2*i(l) - 5*x(l). Suppose -8*b + 5*b = -15. Calculate r(b).
-2
Suppose 31*s + 8 + 54 = 0. Let u(k) = 2*k**3 + 2*k**2 - k + 3. Determine u(s).
-3
Let v(s) = 3*s + s - 58 + 61 + s**2. Let c be (1 - -2) + 1 - 10. Calculate v(c).
15
Let r(a) = 4*a + 0*a + a - 2*a + 1. Let l be 1/10 + 10/((-1100)/231). Give r(l).
-5
Suppose -q + 6 = 3. Let f(w) = -4*w**3 + 4 - 3*w + 10*w + 5*w**q + 6*w**2. Let v = -10 + 6. Calculate f(v).
8
Let f = 53 - 51. Let m(r) = -6*r + 4*r - 8 - r + f*r. Determine m(0).
-8
Let t = -3 + -2. Let g = t - -10. Let j(o) = -4 + g - 1 - o. What is j(3)?
-3
Let v(k) be the second derivative of -k**5/20 + 7*k**4/12 - k**3 + 3*k**2/2 + 100*k. Determine v(7).
-39
Let w(l) = 4*l - 4. Let y = -1007 + 1004. Calculate w(y).
-16
Let x(w) = 2*w - 10*w + w**3 + 2 + w + 6*w**2. Let g be (357/(-28) - -11)*4. Determine x(g).
2
Let o(h) = h**3 + 6*h**2 - 9*h - 4. Suppose 4*z = n - 26, 1 = -2*z + n - 11. Let d be -1 + 14 - 14/z. Suppose -2 = p + j, 5*p + 30 + d = 2*j. Give o(p).
10
Let q(h) = 3*h + 1. Let n = 398 - 399. What is q(n)?
-2
Let q(w) = -w**3 - 3*w**2 + 10*w - 1. Let u(p) = -2*p**2 + 6*p - 5. Let l be u(3). What is q(l)?
-1
Let b be (-18)/3 - (-1 - -1). Let c(d) be the third derivative of -d**5/120 - 5*d**3/6 - 3*d**2. Let h(n) be the first derivative of c(n). What is h(b)?
6
Suppose -1 + 4 = 3*a. Let x be (-3)/(-18) + (-15)/54*-57. Let z(f) = x*f - 18 - 18 + 36. Calculate z(a).
16
Suppose -2*h - 2*y - 10 = -2, 3*h - y = 0. Let l(d) = 9*d - 2. Give l(h).
-11
Suppose 53*c - 54*c + 4*o = -15, o = -3. Let d(y) = -y**3 + 9*y + 2. Calculate d(c).
2
Let y(d) be the second derivative of -d**3/6 - 5*d**2/2 - 3*d. Let l = -644 + 641. Calculate y(l).
-2
Let w(c) = 6*c**3 - 3*c**2 + 3*c**3 - 2 - 2*c**3 - 6*c**3. Let d(f) = -f**2 + 6*f - 6. Let p be d(4). Determine w(p).
-6
Let k(f) = -f**3 - 27*f**2 + 22*f - 162. Let q be k(-28). Let t(s) = s**2 + 2*s - 1. Determine t(q).
47
Let q = -363 - -1168. Let f(s) = 808 - q + 2*s + s. Determine f(-3).
-6
Let p(v) = -v**2 - 5*v - 3. Let b(x) = -x**2 - 4*x - 4. Let r be b(-2). Suppose 4*i = u + 12, r = -7*u + 3*u + 3*i + 4. Let m be 4/(u*(-3)/18). Calculate p(m).
-9
Suppose -4*u = -180 - 12. Let h be (u/60)/((-1)/(-5)). Suppose 5*d - 31 + 7 = h*k, 2*k - 18 = -5*d. Let m(x) = -x**2 + 4*x + 2. Calculate m(d).
2
Let m(x) = 2*x - 1. Let q = 11 + -8. Suppose 0*j + q = -j. What is m(j)?
-7
Let c(r) = 11*r**3 - 6*r**2 - 2*r + 2*r**2 - 18*r**3 - 5 + 8*r**3. Let p be (-10)/1 + (-2)/1. Let b be ((-4)/3)/(4/p). Calculate c(b).
-13
Let a = -11 + 11. Suppose v - 2 = -a*v. Suppose -v = -k + 2*k. Let c(z) = z**3 + 4*z**2 - 2*z - 2. Calculate c(k).
10
Let c(u) = 3*u + 1. Let j(n) = -13*n + 6. Let y(r) = -3*c(r) - j(r). Give y(4).
7
Let f = -7 + 10. Let v be ((2 - f)*-3)/1. Let l(h) = -h + 106*h**2 - 33*h**2 - 38*h**2 - 34*h**2. Determine l(v).
6
Let t(n) = -2*n**3 + n**2 - n + 17. Let r(u) = -u**3 - u + 9. Let v(z) = 11*r(z) - 6*t(z). Determine v(6).
-33
Let c(f) = f**2 + f - 8. Let z = -1113 - -1113. Give c(z).
-8
Let f(i) = 3*i - 5*i + 30*i**2 - 16*i**2 - 13*i**2. Let z(y) = -3*y + 1. Let k be z(1). Calculate f(k).
8
Let u = -42 + 29. Let o(q) = q + 4. Determine o(u).
-9
Let b(f) = -3*f - 1 + f - 3507*f**2 - 2*f**3 + 3510*f**2. Calculate b(2).
-9
Let y(i) = 2*i - 37. Let g be y(14). Let d = 25 + -15. Let k = g + d. Let l(s) = -7*s**3 - s**2 + s. Give l(k).
-7
Let h be (33 - 28)/((-10)/(-4)) + -6. Let a(g) = g - 9. Give a(h).
-13
Let s(g) = 3*g + 4. Let a be (-40)/(-18) + (-4)/18. Let j(z) = 4*z + 2*z + 2 - 5 - z**a - 7*z. Let w be j(0). Calculate s(w).
-5
Let h(v) = 2*v - 8. Suppose -4*x = y - 25, 3*x = 4*y - 0*y + 33. Determine h(x).
6
Let z(a) = -a**2 - 16*a + 3. Let i(l) = 10*l - 26. Let f be i(1). Give z(f).
3
Let f be -5*1*(-217)/35. Let a(c) = c + 27 - f - 2*c. What is a(-4)?
0
Suppose 2*q - 6*q + 16 = 0. Suppose -24 = q*r - 8*r. Let b(w) = 2 - 2 - 3 - 3*w + 2. Calculate b(r).
-19
Let u(x) = -x**3 - 4*x**2 - 5*x - 1. Let v be 7 + -10 - 0/(-1). What is u(v)?
5
Let j(l) be the first derivative of -5/2*l**2 - 25 + 4*l - 5/3*l**3 + 1/4*l**4. What is j(6)?
10
Let z(w) be the first derivative of -w**7/840 + w**6/360 + w**5/40 - w**4/8 + 11*w**3/3 - 2. Let i(f) be the third derivative of z(f). Determine i(3).
-12
Suppose 0 = -v + 1019 - 1025. Let l(y) = -y**3 + 3*y**2 - 4*y. Let g(t) = 6*t**3 - 14*t**2 + 21*t. Let z(m) = -2*g(m) - 11*l(m). Give z(v).
24
Let v(r) be the third derivative of -r**4/24 + 2*r**3/3 + 48*r**2. Let m = 2 - -2. Give v(m).
0
Let w(y) = -2*y**3 - y**2 + 3*y + 1. Let t(a) = -4*a**2 + 55*a - 124. Let m be t(11). Give w(m).
37
Let t(u) be the second derivative of 17*u + 1/12*u**4 - 3/2*u**2 - 1/3*u**3 + 0. Calculate t(4).
5
Let m(u) = -49*u - 2. Let j(d) = -74*d - 1. Let x(w) = -2*j(w) + 3*m(w). Let n = 0 + 4. Suppose -n = -0*z - z. Determine x(z).
0
Let a(q) = -2*q**3 - 11*q**2 + 7*q + 1. Let r be a(-6). Let v(c) = c**2 + 4*c + 5. Determine v(r).
10
Suppose -2*o - 16 = 2*h - 50, 4*h + 2*o - 64 = 0. Let d = h - 37. Let m be 4/d + 24/11. Let w(k) = 9*k - 1. Give w(m).
17
Let i(t) = 6*t**2 + t - 6. Let q(j) = -j**2 + j + 1. Let p(c) = i(c) + 3*q(c). Determine p(2).
17
Let d(m) = m**3 - 12*m**2 - 13*m + 9. Suppose 0 = 45*j - 46*j - 5*s + 3, -4*j - 5*s + 42 = 0. Give d(j).
9
Suppose 0 = w + 3*j - 0 - 4, -4*j = w - 5. Suppose -w = u + 6. Let r(x) be the third derivative of -x**4/24 - x**3/3 + 5*x**2. What is r(u)?
5
Let z(j) = -j - 3. Let f(n) = -n**3 + 7*n**2 - 8*n + 3. Let t be f(6). Let o = t + 9. Suppose w + 2 = -h - o*h, 4*h - 5*w = 10. Calculate z(h).
-3
Suppose d - 3*o = 20, -4*d = -o - o - 30. Suppose -5*i + 5 = -6*i + 3*a, 5*i = -d*a - 25. Let c(x) = x**2 + 5*x - 7. Give c(i).
-7
Let j(d) = -10*d - 3. Let m(w) = 11*w + 3. Let z(o) = 7*j(o) + 6*m(o). Suppose 5*r + 23 - 8 = 0. Give z(r).
9
Let u(h) = 2 + 45*h - 71*h - 3. Calculate u(1).
-27
Let h(f) be the first derivative of f**7/840 + f**6/60 + f**5/24 + f**4/6 - 8*f**3/3 - 24. Let d(r) be the third derivative of h(r). Determine d(-5).
4
Let m(i) = 3*i**2 - 7*i + 2. Let o(z) = 13*z**2 - 27*z + 8. Let a(n) = -9*m(n) + 2*o(n). Calculate a(8).
6
Let a(n) be the first derivative of 3*n**2/2 + 2*n + 801. Let t = 4 + -10. Give a(t).
-16
Let o = -88 + 90. Suppose 0 = -2*m, -o*h + 12 = h - 3*m. Let t(s) = -s**3 + 5*s**2 - 2*s + 2. Calculate t(h).
10
Suppose -4*v - t + 6 = 0, -5*t = 3*v + 2*v. Suppose z = v*j + 2*z - 17, 3*z = 4*j - 49. Let x(h) = h - 11. Give x(j).
-1
Suppose 3*c = -2*c. Suppose -20 = b + 5*a, 5*b - 4*a = -c*a - 13. Let y(r) = r + 10. Give y(b).
5
Let p(z) be the third derivative of z**6/120 + z**5/10 + 3*z**4/8 - 2*z**3/3 - 63*z**2. Calculate p(-4).
-8
Let a(y) = 4*y + 3. Let r be 0*((-5 - -2) + 4). Let n be r + (4 - (-8)/(-1)). Determine a(n).
-13
Let w(i) = -i**3 - 6*i**2 + i + 8. Let t be w(-6). Suppose t = 2*o - 2. Let q(l) = l. Give q(o).
2
Let j(v) be the second derivative of v**4/6 - 13*v**3/3 + 7*v**2 - 19*v + 2. Let l be j(12). Let y(c) = c + 6. Determine y(l).
-4
Suppose b + 10 = 3*a, b + 3*b - 2*a = 0. Let r(k) = -6*k**2 - 4*k**b - 9*k - 2*k**2 + 11*k**2. Calculate r(-7).
14
Let m(o) = -o - 5. Let q be (8/12)/((-4)/12). Let t be 1/(q/(-30) - 0). Suppose 4*k - 5*r + t = -1, -8 = 2*k - r. Determine m(k).
-1
Suppose -5 = -5*t, -3*u - 2*u - 3*t - 7 = 0. Let n(j) = j**2 + j - 1. Give n(u).
1
Let n(b) = -b**2 + 4*b - 1. Let h(k) = -6 - 6 + 14*k + 1 + 3 - k**2. Let t(y) = 5*y - 62. Let g be t(15). Let q be h(g). Give n(q).
-6
Let f = -13 + 2. Let h(a) = 11*a**2 + 11*a - 11. Let n(v) = -13*v**2 - 11*v + 12. Let b(m) = 6*h(m) + 5*n(m). Determine b(f).
-6
Let r(g) be the first derivative of g**4/2 + g**3/3 - g**2/2 - g + 84. Determine r(-2).
-11
Let t(a) = 239*a + 5*a**2 - 245*a + 4*a**2 - 6. Let q(g) = -4*g**2 + 3*g + 3. Let b(k) = -7*q(k) - 3*t(k). What is b(-2)?
7
Suppose 0 = -5*c + 4*s + 495, 0*c + 75 = c + 4*s. Let k = c - 103. Let z(n) = -n**2 - 8*n 